{"id":80,"date":"2017-12-08T10:46:26","date_gmt":"2017-12-08T09:46:26","guid":{"rendered":"https:\/\/www.parkhotel-del-mar.de\/?page_id=80"},"modified":"2024-11-21T14:10:36","modified_gmt":"2024-11-21T13:10:36","slug":"wellness","status":"publish","type":"page","link":"https:\/\/www.parkhotel-del-mar.de\/?page_id=80","title":{"rendered":"Wellness"},"content":{"rendered":"<p>[et_pb_section fb_built=&#8220;1&#8243; fullwidth=&#8220;on&#8220; _builder_version=&#8220;4.16&#8243; global_colors_info=&#8220;{}&#8220;][et_pb_fullwidth_image src=&#8220;https:\/\/www.parkhotel-del-mar.de\/wp-content\/uploads\/2017\/12\/header-wellness.jpg&#8220; _builder_version=&#8220;4.16&#8243; global_colors_info=&#8220;{}&#8220;][\/et_pb_fullwidth_image][\/et_pb_section][et_pb_section fb_built=&#8220;1&#8243; module_id=&#8220;buchungsleiste&#8220; _builder_version=&#8220;3.0.91&#8243; global_module=&#8220;833&#8243; global_colors_info=&#8220;{}&#8220;][et_pb_row module_class=&#8220;quickbooking&#8220; _builder_version=&#8220;4.18.0&#8243; custom_margin=&#8220;||||true|false&#8220; global_colors_info=&#8220;{}&#8220;][et_pb_column type=&#8220;4_4&#8243; _builder_version=&#8220;4.16&#8243; custom_padding=&#8220;|||&#8220; global_colors_info=&#8220;{}&#8220; custom_padding__hover=&#8220;|||&#8220;][et_pb_code _builder_version=&#8220;4.16&#8243; global_colors_info=&#8220;{}&#8220;]<\/p>\n<div id=\"d21-quickbook\"><\/div>\n<p>[\/et_pb_code][\/et_pb_column][\/et_pb_row][\/et_pb_section][et_pb_section fb_built=&#8220;1&#8243; _builder_version=&#8220;4.16&#8243; global_colors_info=&#8220;{}&#8220;][et_pb_row column_structure=&#8220;2_3,1_3&#8243; _builder_version=&#8220;4.16&#8243; background_size=&#8220;initial&#8220; background_position=&#8220;top_left&#8220; background_repeat=&#8220;repeat&#8220; global_colors_info=&#8220;{}&#8220;][et_pb_column type=&#8220;2_3&#8243; _builder_version=&#8220;4.16&#8243; custom_padding=&#8220;|||&#8220; global_colors_info=&#8220;{}&#8220; custom_padding__hover=&#8220;|||&#8220;][et_pb_text _builder_version=&#8220;4.18.0&#8243; custom_padding=&#8220;||0px|||&#8220; global_colors_info=&#8220;{}&#8220;]<\/p>\n<h1>Wellness<\/h1>\n<p><strong>Raus aus den M\u00fchlen des Alltags &#8211; willkommen in der Oase der Erholung. <\/strong><\/p>\n<p>Erleben Sie Momente behaglicher Ruhe und vollkommener Entspannung. Wohltuende W\u00e4rme und aromatische Aufg\u00fcsse bringen tiefe seelische und k\u00f6rperliche Ausgeglichenheit und lassen Sie die Anstrengungen des Alltags vergessen. Genie\u00dfen Sie unseren\u00a0 Wellnessbereich mit Trockensauna, und Ruheraum. Die Nutzung von Trockensauna und Ruheraum: \u20ac 12,00 pro Tag und Person inkl. Bademantel. Unsere Sauna steht Ihnen auf <strong>Anfrage <\/strong>von 10.00 Uhr -18.00 Uhr zur Verf\u00fcgung.<\/p>\n<p>&nbsp;<\/p>\n<p>[\/et_pb_text][et_pb_button button_url=&#8220;\/?page_id=84&#8243; button_text=&#8220;Kontaktieren Sie uns&#8220; _builder_version=&#8220;4.16&#8243; global_colors_info=&#8220;{}&#8220; button_text_size__hover_enabled=&#8220;off&#8220; button_one_text_size__hover_enabled=&#8220;off&#8220; button_two_text_size__hover_enabled=&#8220;off&#8220; button_text_color__hover_enabled=&#8220;off&#8220; button_one_text_color__hover_enabled=&#8220;off&#8220; button_two_text_color__hover_enabled=&#8220;off&#8220; button_border_width__hover_enabled=&#8220;off&#8220; button_one_border_width__hover_enabled=&#8220;off&#8220; button_two_border_width__hover_enabled=&#8220;off&#8220; button_border_color__hover_enabled=&#8220;off&#8220; button_one_border_color__hover_enabled=&#8220;off&#8220; button_two_border_color__hover_enabled=&#8220;off&#8220; button_border_radius__hover_enabled=&#8220;off&#8220; button_one_border_radius__hover_enabled=&#8220;off&#8220; button_two_border_radius__hover_enabled=&#8220;off&#8220; button_letter_spacing__hover_enabled=&#8220;off&#8220; button_one_letter_spacing__hover_enabled=&#8220;off&#8220; button_two_letter_spacing__hover_enabled=&#8220;off&#8220; button_bg_color__hover_enabled=&#8220;off&#8220; button_one_bg_color__hover_enabled=&#8220;off&#8220; button_two_bg_color__hover_enabled=&#8220;off&#8220;][\/et_pb_button][\/et_pb_column][et_pb_column type=&#8220;1_3&#8243; _builder_version=&#8220;4.16&#8243; custom_padding=&#8220;|||&#8220; global_colors_info=&#8220;{}&#8220; custom_padding__hover=&#8220;|||&#8220;][et_pb_code module_class=&#8220;highlightbox&#8220; _builder_version=&#8220;3.0.91&#8243; background_color=&#8220;#79b162&#8243; custom_css_main_element=&#8220;color:white;&#8220; global_module=&#8220;741&#8243; saved_tabs=&#8220;all&#8220; global_colors_info=&#8220;{}&#8220;]<\/p>\n<div class=\"highlightbox--center highlightbox--has-icon\"><!-- [et_pb_line_break_holder] --><img decoding=\"async\" src=\"wp-content\/uploads\/2017\/12\/Info.png\" alt=\"Information\" width=\"40px\" height=\"auto\"><!-- [et_pb_line_break_holder] --><\/p>\n<h2>Was wir Ihnen bieten:<\/h2>\n<p><!-- [et_pb_line_break_holder] --><\/div>\n<p><!-- [et_pb_line_break_holder] --><\/p>\n<ul><!-- [et_pb_line_break_holder] --><\/p>\n<li><img decoding=\"async\" src=\"wp-content\/uploads\/2017\/12\/Regenschirm.png\" alt=\"800 m zum Ostseestrand\" width=\"15px\" height=\"auto\"> 800 m zum Ostseestrand<\/li>\n<p><!-- [et_pb_line_break_holder] --><\/p>\n<li><img decoding=\"async\" src=\"wp-content\/uploads\/2017\/12\/Navigation.png\" alt=\"Zentrale Lage in der Altstadt am Park\" width=\"10px\" height=\"auto\" style=\"margin-right:5px;\"> Zentral in der Altstadt am Park<\/li>\n<p><!-- [et_pb_line_break_holder] --><\/p>\n<li><img decoding=\"async\" src=\"wp-content\/uploads\/2017\/12\/Fahrrad.png\" alt=\"Fahrradfreundlich\" width=\"15px\" height=\"auto\"> Fahrradfreundlich<\/li>\n<p><!-- [et_pb_line_break_holder] --><\/p>\n<li><img decoding=\"async\" src=\"wp-content\/uploads\/2017\/12\/WLAN.png\" alt=\"Kostenloses WLAN\" width=\"15px\" height=\"auto\"> Kostenloses WLAN<\/li>\n<p><!-- [et_pb_line_break_holder] --><\/p>\n<li><img decoding=\"async\" src=\"wp-content\/uploads\/2017\/12\/Wellnessbereich.png\" alt=\"Wellnessbereich\" width=\"15px\" height=\"auto\"> Wellnessbereich<\/li>\n<p><!-- [et_pb_line_break_holder] --><\/p>\n<li><img decoding=\"async\" src=\"wp-content\/uploads\/2017\/12\/barrierefreiheit.png\" alt=\"Behindertengerecht\" width=\"15px\" height=\"auto\"> Barrierefreiheit<\/li>\n<p><!-- [et_pb_line_break_holder] --><\/p>\n<li><img decoding=\"async\" src=\"wp-content\/uploads\/2017\/12\/Nichtraucherhotel.png\" alt=\"Nichtraucherhotel\" width=\"15px\" height=\"auto\"> Nichtraucherhotel<\/li>\n<p><!-- [et_pb_line_break_holder] --><\/p>\n<li><img decoding=\"async\" src=\"wp-content\/uploads\/2017\/12\/\u00d6ko-Strom.png\" alt=\"100% \u00d6ko-Strom\" width=\"15px\" height=\"auto\"> 100% \u00d6ko-Strom<\/li>\n<p><!-- [et_pb_line_break_holder] --><\/p>\n<li><img decoding=\"async\" src=\"wp-content\/uploads\/2017\/12\/parkplatz.png\" alt=\"Parkplatz direkt am Haus\" width=\"11px\" height=\"auto\" style=\"margin-right:4px;\"> Parkplatz direkt am Haus<\/li>\n<p><!-- [et_pb_line_break_holder] --><\/p>\n<li><img decoding=\"async\" src=\"wp-content\/uploads\/2017\/12\/fahrstuhl.png\" alt=\"Fahrstuhl\" width=\"13px\" height=\"auto\" style=\"margin-right:2px;\"> Fahrstuhl<\/li>\n<p><!-- [et_pb_line_break_holder] --><\/ul>\n<p>[\/et_pb_code][\/et_pb_column][\/et_pb_row][\/et_pb_section][et_pb_section fb_built=&#8220;1&#8243; module_class=&#8220;wellness&#8220; _builder_version=&#8220;4.16&#8243; global_colors_info=&#8220;{}&#8220;][et_pb_row column_structure=&#8220;1_3,1_3,1_3&#8243; _builder_version=&#8220;4.16&#8243; global_colors_info=&#8220;{}&#8220;][et_pb_column type=&#8220;1_3&#8243; module_class=&#8220;gray&#8211;box&#8220; _builder_version=&#8220;4.16&#8243; custom_padding=&#8220;|||&#8220; global_colors_info=&#8220;{}&#8220; custom_padding__hover=&#8220;|||&#8220;][et_pb_image src=&#8220;https:\/\/www.parkhotel-del-mar.de\/wp-content\/uploads\/2017\/12\/sauna_wellness.jpg&#8220; align_tablet=&#8220;center&#8220; align_phone=&#8220;center&#8220; align_last_edited=&#8220;on|desktop&#8220; module_class=&#8220;gray&#8211;box&#8211;img&#8220; _builder_version=&#8220;4.16&#8243; always_center_on_mobile=&#8220;on&#8220; global_colors_info=&#8220;{}&#8220;][\/et_pb_image][et_pb_text module_class=&#8220;gray&#8211;box&#8211;content&#8220; _builder_version=&#8220;4.16&#8243; global_colors_info=&#8220;{}&#8220;]<\/p>\n<h3>Finnische Sauna<\/h3>\n<p>G\u00f6nnen Sie sich ein finnisches Saunabad in unserer <strong>ca. 85\u00b0C<\/strong> hei\u00dfen Sauna. Durch das Schwitzen wird Ihr Kreislauf angeregt, der Entschlackungs- prozess gef\u00f6rdert und die k\u00f6rpereigene Abwehrfunktion gest\u00e4rkt.<br \/>\n[\/et_pb_text][\/et_pb_column][et_pb_column type=&#8220;1_3&#8243; module_class=&#8220;gray&#8211;box&#8220; _builder_version=&#8220;4.16&#8243; custom_padding=&#8220;|||&#8220; global_colors_info=&#8220;{}&#8220; custom_padding__hover=&#8220;|||&#8220;][et_pb_image src=&#8220;https:\/\/www.parkhotel-del-mar.de\/wp-content\/uploads\/2017\/12\/dampfsauna_wellness.jpg&#8220; align_tablet=&#8220;center&#8220; align_phone=&#8220;center&#8220; align_last_edited=&#8220;on|desktop&#8220; module_class=&#8220;gray&#8211;box&#8211;img&#8220; _builder_version=&#8220;4.16&#8243; always_center_on_mobile=&#8220;on&#8220; global_colors_info=&#8220;{}&#8220;][\/et_pb_image][et_pb_text module_class=&#8220;gray&#8211;box&#8211;content&#8220; _builder_version=&#8220;4.16&#8243; global_colors_info=&#8220;{}&#8220;]<\/p>\n<h3>Dampfsauna<\/h3>\n<p>Diese kreislaufschonende, <strong>ca. 38\u00b0C<\/strong> warme Dampfsauna vermittelt ein Gef\u00fchl des Wohlbehagens. Durch die langsame Erw\u00e4rmung des K\u00f6rpers wird der Ent- schlackungsprozess angeregt.<br \/>\n[\/et_pb_text][\/et_pb_column][et_pb_column type=&#8220;1_3&#8243; module_class=&#8220;gray&#8211;box&#8220; _builder_version=&#8220;4.16&#8243; custom_padding=&#8220;|||&#8220; global_colors_info=&#8220;{}&#8220; custom_padding__hover=&#8220;|||&#8220;][et_pb_image src=&#8220;https:\/\/www.parkhotel-del-mar.de\/wp-content\/uploads\/2017\/12\/ruheraum_wellness.jpg&#8220; align_tablet=&#8220;center&#8220; align_phone=&#8220;center&#8220; align_last_edited=&#8220;on|desktop&#8220; module_class=&#8220;gray&#8211;box&#8211;img&#8220; _builder_version=&#8220;4.16&#8243; always_center_on_mobile=&#8220;on&#8220; global_colors_info=&#8220;{}&#8220;][\/et_pb_image][et_pb_text module_class=&#8220;gray&#8211;box&#8211;content&#8220; _builder_version=&#8220;4.16&#8243; global_colors_info=&#8220;{}&#8220;]<\/p>\n<h3>Ruhe,R\u00fcckzug,Regeneration.<\/h3>\n<p>Entspannung ist eine unersch\u00f6pfliche Quelle f\u00fcr k\u00f6rperliches und geistiges Wohlgef\u00fchl. Bei uns sorgt eine erfrischende Vielfalt daf\u00fcr, dass jeder auf seine Weise den Weg zu innerer Ruhe findet, Dass er Kraft sch\u00f6pfen kann in gesch\u00fctzter Umgebung, weit weg vom Allt\u00e4glichen.<br \/>\n[\/et_pb_text][\/et_pb_column][\/et_pb_row][\/et_pb_section][et_pb_section fb_built=&#8220;1&#8243; _builder_version=&#8220;4.16&#8243; global_colors_info=&#8220;{}&#8220;][et_pb_row _builder_version=&#8220;4.16&#8243; background_size=&#8220;initial&#8220; background_position=&#8220;top_left&#8220; background_repeat=&#8220;repeat&#8220; global_colors_info=&#8220;{}&#8220;][et_pb_column type=&#8220;4_4&#8243; _builder_version=&#8220;4.16&#8243; custom_padding=&#8220;|||&#8220; global_colors_info=&#8220;{}&#8220; custom_padding__hover=&#8220;|||&#8220;][et_pb_gallery gallery_ids=&#8220;621,820,821,822,823,826,825,824&#8243; posts_number=&#8220;8&#8243; show_title_and_caption=&#8220;off&#8220; show_pagination=&#8220;off&#8220; zoom_icon_color=&#8220;#79b162&#8243; _builder_version=&#8220;4.16&#8243; pagination_font_size_tablet=&#8220;51&#8243; pagination_line_height_tablet=&#8220;2&#8243; global_colors_info=&#8220;{}&#8220;][\/et_pb_gallery][\/et_pb_column][\/et_pb_row][\/et_pb_section][et_pb_section fb_built=&#8220;1&#8243; _builder_version=&#8220;4.16&#8243; global_colors_info=&#8220;{}&#8220;][et_pb_row _builder_version=&#8220;4.16&#8243; background_size=&#8220;initial&#8220; background_position=&#8220;top_left&#8220; background_repeat=&#8220;repeat&#8220; global_colors_info=&#8220;{}&#8220;][et_pb_column type=&#8220;4_4&#8243; _builder_version=&#8220;4.16&#8243; custom_padding=&#8220;|||&#8220; global_colors_info=&#8220;{}&#8220; custom_padding__hover=&#8220;|||&#8220;][et_pb_map address=&#8220;Hauptstra\u00dfe 36, 18546 Sassnitz, Deutschland&#8220; zoom_level=&#8220;16&#8243; address_lat=&#8220;54.518592&#8243; address_lng=&#8220;13.653104999999982&#8243; _builder_version=&#8220;3.0.91&#8243; global_module=&#8220;707&#8243; saved_tabs=&#8220;all&#8220; global_colors_info=&#8220;{}&#8220;][et_pb_map_pin pin_address=&#8220;Hauptstra\u00dfe 36, 18546 Sassnitz, Deutschland&#8220; pin_address_lat=&#8220;54.518592&#8243; pin_address_lng=&#8220;13.653104999999982&#8243; _builder_version=&#8220;3.0.91&#8243; global_colors_info=&#8220;{}&#8220;][\/et_pb_map_pin][\/et_pb_map][\/et_pb_column][\/et_pb_row][\/et_pb_section][et_pb_section fb_built=&#8220;1&#8243; _builder_version=&#8220;3.0.91&#8243; background_color=&#8220;#c8c8c8&#8243; global_module=&#8220;444&#8243; global_colors_info=&#8220;{}&#8220;][et_pb_row _builder_version=&#8220;4.16&#8243; background_size=&#8220;initial&#8220; background_position=&#8220;top_left&#8220; background_repeat=&#8220;repeat&#8220; global_colors_info=&#8220;{}&#8220; column_structure=&#8220;1_3,1_3,1_3&#8243;][et_pb_column type=&#8220;1_3&#8243; _builder_version=&#8220;4.16&#8243; custom_padding=&#8220;|||&#8220; global_colors_info=&#8220;{}&#8220; custom_padding__hover=&#8220;|||&#8220;][et_pb_text _builder_version=&#8220;4.16&#8243; text_orientation=&#8220;center&#8220; global_colors_info=&#8220;{}&#8220;]<\/p>\n<h3 style=\"color: #162e2f;\">Adresse<\/h3>\n<p>Parkhotel del Mar<br \/>\nHauptstra\u00dfe 36<br \/>\n18546 Sassnitz<\/p>\n<p>Tel.: <a href=\"tel:+49383926950\">038392 &#8211; 69 50<\/a><br \/>\neMail: info@parkhotel-del-mar.de<\/p>\n<p>[\/et_pb_text][\/et_pb_column][et_pb_column type=&#8220;1_3&#8243; _builder_version=&#8220;4.16&#8243; custom_padding=&#8220;|||&#8220; global_colors_info=&#8220;{}&#8220; custom_padding__hover=&#8220;|||&#8220;][et_pb_text _builder_version=&#8220;4.16&#8243; text_orientation=&#8220;center&#8220; global_colors_info=&#8220;{}&#8220;]<\/p>\n<h3 style=\"color: #162e2f;\">Social Media<\/h3>\n<p>Folgen Sie uns auf Instagram<\/p>\n<p><a href=\"https:\/\/www.instagram.com\/parkhotel_del_mar_sassnitz\/?hl=de\" target=\"_blank\" rel=\"noopener\"><img decoding=\"async\" class=\"alignnone size-full wp-image-304\" src=\"\/wp-content\/uploads\/2020\/01\/glyph-logo-fill.png\" alt=\"Das Parkhotel del Mar auf instagram\" width=\"50\"><br \/>\n<\/a><\/p>\n<p>[\/et_pb_text][\/et_pb_column][et_pb_column type=&#8220;1_3&#8243; _builder_version=&#8220;4.16&#8243; custom_padding=&#8220;|||&#8220; global_colors_info=&#8220;{}&#8220; custom_padding__hover=&#8220;|||&#8220;][et_pb_text _builder_version=&#8220;4.16&#8243; text_orientation=&#8220;center&#8220; global_colors_info=&#8220;{}&#8220;]<\/p>\n<h3 style=\"color: #162e2f;\">Newsletter<\/h3>\n<p>Bleiben Sie immer auf dem<br \/>\nneusten Stand und verpassen Sie keines<br \/>\nunserer Angebote.<\/p>\n<div class=\"newsletter-footer\"><form method=\"post\" action=\"https:\/\/www.parkhotel-del-mar.de\/?na=s\"><input type=\"text\" name=\"ne\" value=\"\">\r\n<input type=\"submit\"><\/form><\/div>\n<p>[\/et_pb_text][\/et_pb_column][\/et_pb_row][\/et_pb_section]<\/p>\n","protected":false},"excerpt":{"rendered":"<p>Wellness Raus aus den M\u00fchlen des Alltags &#8211; willkommen in der Oase der Erholung. Erleben Sie Momente behaglicher Ruhe und vollkommener Entspannung. Wohltuende W\u00e4rme und aromatische Aufg\u00fcsse bringen tiefe seelische und k\u00f6rperliche Ausgeglichenheit und lassen Sie die Anstrengungen des Alltags vergessen. Genie\u00dfen Sie unseren\u00a0 Wellnessbereich mit Trockensauna, und Ruheraum. Die Nutzung von Trockensauna und Ruheraum: [&hellip;]<\/p>\n","protected":false},"author":1,"featured_media":0,"parent":0,"menu_order":0,"comment_status":"closed","ping_status":"closed","template":"","meta":{"_et_pb_use_builder":"on","_et_pb_old_content":"","_et_gb_content_width":"","footnotes":""},"_links":{"self":[{"href":"https:\/\/www.parkhotel-del-mar.de\/index.php?rest_route=\/wp\/v2\/pages\/80"}],"collection":[{"href":"https:\/\/www.parkhotel-del-mar.de\/index.php?rest_route=\/wp\/v2\/pages"}],"about":[{"href":"https:\/\/www.parkhotel-del-mar.de\/index.php?rest_route=\/wp\/v2\/types\/page"}],"author":[{"embeddable":true,"href":"https:\/\/www.parkhotel-del-mar.de\/index.php?rest_route=\/wp\/v2\/users\/1"}],"replies":[{"embeddable":true,"href":"https:\/\/www.parkhotel-del-mar.de\/index.php?rest_route=%2Fwp%2Fv2%2Fcomments&post=80"}],"version-history":[{"count":40,"href":"https:\/\/www.parkhotel-del-mar.de\/index.php?rest_route=\/wp\/v2\/pages\/80\/revisions"}],"predecessor-version":[{"id":1083,"href":"https:\/\/www.parkhotel-del-mar.de\/index.php?rest_route=\/wp\/v2\/pages\/80\/revisions\/1083"}],"wp:attachment":[{"href":"https:\/\/www.parkhotel-del-mar.de\/index.php?rest_route=%2Fwp%2Fv2%2Fmedia&parent=80"}],"curies":[{"name":"wp","href":"https:\/\/api.w.org\/{rel}","templated":true}]}}