{"id":88,"date":"2017-12-08T10:47:15","date_gmt":"2017-12-08T09:47:15","guid":{"rendered":"https:\/\/www.parkhotel-del-mar.de\/?page_id=88"},"modified":"2022-10-19T11:23:17","modified_gmt":"2022-10-19T09:23:17","slug":"datenschutz","status":"publish","type":"page","link":"https:\/\/www.parkhotel-del-mar.de\/?page_id=88","title":{"rendered":"Datenschutz"},"content":{"rendered":"<p>[et_pb_section fb_built=&#8220;1&#8243; _builder_version=&#8220;4.16&#8243; global_colors_info=&#8220;{}&#8220;][et_pb_row _builder_version=&#8220;4.18.0&#8243; background_size=&#8220;initial&#8220; background_position=&#8220;top_left&#8220; background_repeat=&#8220;repeat&#8220; hover_enabled=&#8220;0&#8243; global_colors_info=&#8220;{}&#8220; sticky_enabled=&#8220;0&#8243;][et_pb_column type=&#8220;4_4&#8243; _builder_version=&#8220;4.18.0&#8243; custom_padding=&#8220;|||&#8220; hover_enabled=&#8220;0&#8243; global_colors_info=&#8220;{}&#8220; custom_padding__hover=&#8220;|||&#8220; sticky_enabled=&#8220;0&#8243;][et_pb_text _builder_version=&#8220;4.16&#8243; global_colors_info=&#8220;{}&#8220;]<\/p>\n<h1><\/h1>\n<h1>Datenschutz<\/h1>\n<p>Das PARKHOTEL DEL MAR freut sich \u00fcber Ihren Besuch auf unserer Webseite und Ihr Interesse an unserem Unternehmen und unseren Produkten und Dienstleistungen.<\/p>\n<p>Der Schutz Ihrer personenbezogenen Daten bei der Verarbeitung w\u00e4hrend des gesamten Gesch\u00e4ftsprozesses ist f\u00fcr uns ein wichtiges Anliegen und wir m\u00f6chten, dass Sie sich beim Besuch unserer Internetseiten sicher f\u00fchlen.<\/p>\n<p>Im Folgenden erl\u00e4utern wir, welche Informationen wir bei dem PARKHOTEL DEL MAR w\u00e4hrend Ihres Besuches auf unseren Webseiten erfassen und wie diese genutzt werden.<\/p>\n<p><b>\u00a0<\/b><\/p>\n<p><b>Personenbezogene Daten<\/b><\/p>\n<p>Personenbezogene Daten sind Einzelangaben \u00fcber pers\u00f6nliche oder sachliche Verh\u00e4ltnisse einer bestimmten oder bestimmbaren nat\u00fcrlichen Person. Darunter fallen Informationen wie z.B. Ihr richtiger Name, Ihre Anschrift, Ihre Telefonnummer und Ihr Geburtsdatum. Informationen, die nicht direkt mit Ihrer wirklichen Identit\u00e4t in Verbindung gebracht werden &#8211; wie z.B. favorisierte Webseiten oder Anzahl der Nutzer einer Seite &#8211; sind keine personenbezogenen Daten.<\/p>\n<p><b>\u00a0<\/b><\/p>\n<p><b>Erhebung und Verarbeitung von personenbezogenen Daten<\/b><\/p>\n<p>Es werden folgende Daten erhoben:<\/p>\n<p>\u00b7\u00a0\u00a0\u00a0\u00a0\u00a0\u00a0\u00a0\u00a0\u00a0die Seite, von der aus die Datei angefordert wurde<\/p>\n<p>\u00b7\u00a0\u00a0\u00a0\u00a0\u00a0\u00a0\u00a0\u00a0\u00a0der Name der aufgerufenen Datei<\/p>\n<p>\u00b7\u00a0\u00a0\u00a0\u00a0\u00a0\u00a0\u00a0\u00a0\u00a0das Datum und die Uhrzeit der Anforderung<\/p>\n<p>\u00b7\u00a0\u00a0\u00a0\u00a0\u00a0\u00a0\u00a0\u00a0\u00a0die \u00fcbertragene Datenmenge<\/p>\n<p>\u00b7\u00a0\u00a0\u00a0\u00a0\u00a0\u00a0\u00a0\u00a0\u00a0der Zugriffsstatus (Datei \u00fcbertragen, Datei nicht gefunden, etc.)<\/p>\n<p>\u00b7\u00a0\u00a0\u00a0\u00a0\u00a0\u00a0\u00a0\u00a0\u00a0die Beschreibung des verwendeten Webbrowsertyps bzw. des verwendeten<\/p>\n<p>\u00b7\u00a0\u00a0\u00a0\u00a0\u00a0\u00a0\u00a0\u00a0\u00a0Betriebssystems<\/p>\n<p>\u00b7\u00a0\u00a0\u00a0\u00a0\u00a0\u00a0\u00a0\u00a0\u00a0die anonymisierte IP-Adresse des anfordernden Rechners<\/p>\n<p>\u00b7\u00a0\u00a0\u00a0\u00a0\u00a0\u00a0\u00a0\u00a0\u00a0Referrer URL (die zuvor besuchte Seite)<\/p>\n<p>Dar\u00fcber hinausgehende personenbezogene Angaben wie Ihr Name, Ihre Anschrift, Telefonnummer oder E-Mail-Adresse werden nicht erfasst, es sei denn, diese Angaben werden von Ihnen freiwillig gemacht, z.B. im Rahmen einer Registrierung, einer Umfrage, eines Preisausschreibens, zur Durchf\u00fchrung eines Vertrages oder einer Informationsanfrage.<\/p>\n<p>E-Mails:<br \/>Bitte beachten Sie, dass Inhalte, die Sie uns per E-Mail zusenden, unverschl\u00fcsselt \u00fcbermittelt werden. Somit kann auf diesem \u00dcbertragungsweg die Sicherheit von schutzw\u00fcrdigen Daten und Inhalten vor unbefugter Kenntnisnahme und Verf\u00e4lschung nicht gew\u00e4hrleistet werden.<\/p>\n<p>Newsletter:<br \/>Wenn Sie den auf der Webseite angebotenen Newsletter empfangen m\u00f6chten, ben\u00f6tigen wir von Ihnen eine g\u00fcltige E-Mail-Adresse sowie Informationen, die uns die \u00dcberpr\u00fcfung gestatten, dass Sie der Inhaber der angegebenen E-Mail-Adresse sind bzw. dass deren Inhaber mit dem Empfang des Newsletters einverstanden ist. Weitere Daten werden nicht erhoben. Ihre Einwilligung zur Speicherung der Daten, der E-Mail-Adresse sowie deren Nutzung zum Versand des Newsletters k\u00f6nnen Sie jederzeit widerrufen.<\/p>\n<p><b>\u00a0<\/b><\/p>\n<p><b>Nutzung und Weitergabe der personenbezogenen Daten<\/b><\/p>\n<p>Die von Ihnen zur Verf\u00fcgung gestellten personenbezogenen Daten verwenden wir ausschlie\u00dflich zum Zweck der technischen Administration der Webseiten und zur Erf\u00fcllung Ihrer W\u00fcnsche und Anforderungen, also in der Regel zur Abwicklung des mit Ihnen geschlossenen Vertrages, zur Beantwortung Ihrer Anfrage oder im Rahmen Ihrer Teilnahme an einem Gewinnspiel.<\/p>\n<p>Nur dann, wenn Sie uns zuvor Ihre Einwilligung erteilt haben bzw. wenn Sie &#8211; soweit gesetzliche Regelungen dies vorsehen &#8211; keinen Widerspruch eingelegt haben, nutzen wir diese Daten auch f\u00fcr produktbezogene Umfragen und Marketingzwecke.<\/p>\n<p>Eine Weitergabe, Verkauf oder sonstige \u00dcbermittlung Ihrer personenbezogenen Daten an Dritte erfolgt nicht, es sei denn, dass dies zum Zwecke der Vertragsabwicklung erforderlich ist oder Sie ausdr\u00fccklich eingewilligt haben. So kann es beispielsweise erforderlich sein, dass wir bei Bestellungen von Produkten Ihre Anschrift und Bestelldaten an unsere Lieferanten weitergeben.<\/p>\n<p>Ist f\u00fcr das Erbringen einer Leistung oder der Beantwortung einer Anfrage die \u00dcbermittlung der pers\u00f6nlichen Daten an einen externen Dienstleister erforderlich, stellen wir durch technische und organisatorische Ma\u00dfnahmen sicher, dass die gesetzlichen Bestimmungen des Datenschutzes i.S.d. \u00a7 11 BDSG eingehalten werden. Das PARKHOTEL DEL MAR verpflichtet die externen Dienstleister dar\u00fcber hinaus zur Einhaltung der einschl\u00e4gigen gesetzlichen Datenschutzbestimmungen, zur vertraulichen Behandlung und der unverz\u00fcglichen L\u00f6schung der pers\u00f6nlichen Daten, sobald diese nicht mehr ben\u00f6tigt werden.<\/p>\n<p><b>\u00a0<\/b><\/p>\n<p><b>Pers\u00f6nliche Daten von Kindern<\/b><\/p>\n<p>Da der Schutz der Privatsph\u00e4re von Kindern von gro\u00dfer Bedeutung ist, m\u00f6chten wir keine pers\u00f6nlichen Daten von Personen unter 18 Jahren erheben, verarbeiten oder nutzen. Falls Sie als Erziehungsberechtigte erfahren, dass Ihre Kinder ihre pers\u00f6nlichen Daten an uns \u00fcbermittelt haben, k\u00f6nnen Sie sich \u00fcber die im Impressum genannten Adressen mit uns in Verbindung setzen, wenn Sie wollen, dass die Daten gel\u00f6scht werden sollen.<\/p>\n<p><b>\u00a0<\/b><\/p>\n<p><b>Einsatz von Cookies<\/b><\/p>\n<p>Google Analytics<\/p>\n<p>Diese Website benutzt Google Analytics, einen Webanalysedienst der Google Inc. (&#8222;Google&#8220;). Google Analytics verwendet sog. &#8222;Cookies&#8220;, Textdateien, die auf Ihrem Computer gespeichert werden und die eine Analyse der Benutzung der Website durch Sie erm\u00f6glichen. Die durch den Cookie erzeugten Informationen \u00fcber Ihre Benutzung dieser Website werden in der Regel an einen Server von Google in den USA \u00fcbertragen und dort gespeichert. Im Falle der Aktivierung der IP-Anonymisierung auf dieser Webseite wird Ihre IP-Adresse von Google jedoch innerhalb von Mitgliedstaaten der Europ\u00e4ischen Union oder in anderen Vertragsstaaten des Abkommens \u00fcber den Europ\u00e4ischen Wirtschaftsraum zuvor gek\u00fcrzt.<\/p>\n<p>Nur in Ausnahmef\u00e4llen wird die volle IP-Adresse an einen Server von Google in den USA \u00fcbertragen und dort gek\u00fcrzt. Im Auftrag des Betreibers dieser Website wird Google diese Informationen benutzen, um Ihre Nutzung der Website auszuwerten, um Reports \u00fcber die Websiteaktivit\u00e4ten zusammenzustellen und um weitere mit der Websitenutzung und der Internetnutzung verbundene Dienstleistungen gegen\u00fcber dem Websitebetreiber zu erbringen. Die im Rahmen von Google Analytics von Ihrem Browser \u00fcbermittelte IP-Adresse wird nicht mit anderen Daten von Google zusammengef\u00fchrt.<\/p>\n<p>Sie k\u00f6nnen die Speicherung der Cookies durch eine entsprechende Einstellung Ihrer Browser-Software verhindern; wir weisen Sie jedoch darauf hin, dass Sie in diesem Fall gegebenenfalls nicht s\u00e4mtliche Funktionen dieser Website vollumf\u00e4nglich werden nutzen k\u00f6nnen. Sie k\u00f6nnen dar\u00fcber hinaus die Erfassung der durch das Cookie erzeugten und auf Ihre Nutzung der Website bezogenen Daten (inkl. Ihrer IP-Adresse) an Google sowie die Verarbeitung dieser Daten durch Google verhindern, indem sie das unter dem folgenden Link verf\u00fcgbare Browser-Plugin herunterladen und installieren\u00a0<a href=\"http:\/\/tools.google.com\/dlpage\/gaoptout?hl=de\">http:\/\/tools.google.com\/dlpage\/gaoptout?hl=de<\/a>.<\/p>\n<p>Ansonsten werden auf unserer Homepage in der Regel keine Cookies eingesetzt. Nur in Ausnahmef\u00e4llen werden sog. Session-Cookies eingesetzt, die Daten zur technischen Sitzungssteuerung im Speicher Ihres Browsers ablegen. Diese Daten sind nicht personenbezogen und werden sp\u00e4testens mit dem Schlie\u00dfen Ihres Browsers gel\u00f6scht.<\/p>\n<p><em>Quellen:\u00a0<\/em><a href=\"http:\/\/www.e-recht24.de\/muster-disclaimer.htm\" target=\"_blank\" rel=\"noopener\"><em>Disclaimer eRecht24<\/em><\/a><em>,\u00a0<\/em><a href=\"http:\/\/www.google.com\/intl\/de_ALL\/analytics\/tos.html\" target=\"_blank\" rel=\"noopener\"><em>Google Analytics Bedingungen<\/em><\/a><\/p>\n<p>\u00a0Google Web Fonts<\/p>\n<p>Diese Seite nutzt zur einheitlichen Darstellung von Schriftarten so genannte Web Fonts die von der Google Ireland Limited, Gordon House, 4 Barrow St, Dublin, D04 E5W5, Irland (\u201eGoogle\u201c) bereitgestellt werden. Beim Aufruf einer Seite l\u00e4dt Ihr Browser die ben\u00f6tigten Web Fonts in ihren Browser-Cache, um Texte und Schriftarten korrekt anzuzeigen.<\/p>\n<p>Zu diesem Zweck muss der von Ihnen verwendete Browser Verbindung zu den Servern von Google aufnehmen. Hierbei kann es auch zu einer \u00dcbermittlung von personenbezogenen Daten an die Server der Google LLC. in den USA kommen. Auf diese Weise erlangt Google Kenntnis dar\u00fcber, dass \u00fcber Ihre IP-Adresse unsere Website aufgerufen wurde. Die Nutzung von Google Web Fonts erfolgt im Interesse einer einheitlichen und ansprechenden Darstellung unserer Online-Angebote. Dies stellt ein berechtigtes Interesse im Sinne von Art. 6 Abs. 1 lit. f DSGVO dar. Wenn Ihr Browser Web Fonts nicht unterst\u00fctzt, wird eine Standardschrift von Ihrem Computer genutzt.<\/p>\n<p>F\u00fcr den Fall der \u00dcbermittlung von personenbezogenen Daten an die Google LLC. mit Sitz in den USA, hat sich Google LLC. f\u00fcr das us-europ\u00e4ische Datenschutz\u00fcbereinkommen \u201ePrivacy Shield\u201c zertifiziert, welches die Einhaltung des in der EU geltenden Datenschutzniveaus gew\u00e4hrleistet. Ein aktuelles Zertifikat kann hier eingesehen werden:<span>\u00a0<\/span><a href=\"https:\/\/www.privacyshield.gov\/list\" target=\"blank\" rel=\"noopener noreferrer\">https:\/\/www.privacyshield.gov\/list<\/a><\/p>\n<p>Weitere Informationen zu Google Web Fonts finden Sie unter<span>\u00a0<\/span><a href=\"https:\/\/developers.google.com\/fonts\/faq\" target=\"blank\" rel=\"noopener noreferrer\">https:\/\/developers.google.com\/fonts\/faq<\/a><span>\u00a0<\/span>und in der Datenschutzerkl\u00e4rung von Google:<span>\u00a0<\/span><a href=\"https:\/\/www.google.com\/policies\/privacy\/\" target=\"blank\" rel=\"noopener noreferrer\">https:\/\/www.google.com\/policies\/privacy\/<\/a><\/p>\n<p>\u00a0Google reCAPTCHA<\/p>\n<p>Auf dieser Website verwenden wir auch die reCAPTCHA Funktion von Google Ireland Limited, Gordon House, 4 Barrow St, Dublin, D04 E5W5, Irland (\u201eGoogle\u201c). Diese Funktion dient vor allem zur Unterscheidung, ob eine Eingabe durch eine nat\u00fcrliche Person erfolgt oder missbr\u00e4uchlich durch maschinelle und automatisierte Verarbeitung erfolgt. Der Dienst umfasst den Versand der IP-Adresse und ggf. weiterer von Google f\u00fcr den Dienst reCAPTCHA ben\u00f6tigter Daten an Google und erfolgt gem\u00e4\u00df Art. 6 Abs. 1 lit. f DSGVO auf Basis unseres berechtigten Interesses an der Feststellung der individuellen Eigenverantwortung im Internet und der Vermeidung von Missbrauch und Spam. Im Rahmen der Nutzung von Google reCAPTCHA kann es auch zu einer \u00dcbermittlung von personenbezogenen Daten an die Server der Google LLC. in den USA kommen.<\/p>\n<p>F\u00fcr den Fall der \u00dcbermittlung von personenbezogenen Daten an die Google LLC. mit Sitz in den USA, hat sich Google LLC. f\u00fcr das us-europ\u00e4ische Datenschutz\u00fcbereinkommen \u201ePrivacy Shield\u201c zertifiziert, welches die Einhaltung des in der EU geltenden Datenschutzniveaus gew\u00e4hrleistet. Ein aktuelles Zertifikat kann hier eingesehen werden:<span>\u00a0<\/span><a href=\"https:\/\/www.privacyshield.gov\/list%22\" target=\"blank\" rel=\"noopener noreferrer\">https:\/\/www.privacyshield.gov\/list<\/a><\/p>\n<p>Weiterf\u00fchrende Informationen zu Google reCAPTCHA sowie die Datenschutzerkl\u00e4rung von Google k\u00f6nnen Sie einsehen unter:<span>\u00a0<\/span><a href=\"https:\/\/www.google.com\/intl\/de\/policies\/privacy\/\" target=\"blank\" rel=\"noopener noreferrer\">https:\/\/www.google.com\/intl\/de\/policies\/privacy\/<\/a><\/p>\n<p>Soweit rechtlich erforderlich, haben wir zur vorstehend dargestellten Verarbeitung Ihrer Daten Ihre Einwilligung gem\u00e4\u00df Art. 6 Abs. 1 lit. a DSGVO eingeholt. Sie k\u00f6nnen Ihre erteilte Einwilligung jederzeit mit Wirkung f\u00fcr die Zukunft widerrufen. Um Ihren Widerruf auszu\u00fcben, befolgen Sie bitte die vorstehend geschilderte M\u00f6glichkeit zur Vornahme eines Widerspruchs.<\/p>\n<p>&nbsp;<\/p>\n<p><b>Sicherheit<\/b><\/p>\n<p>Das PARKHOTEL DEL MAR trifft alle notwendigen technischen und organisatorischen Sicherheitsma\u00dfnahmen, um Ihre personenbezogenen Daten vor Verlust und Missbrauch zu sch\u00fctzen. So werden Ihre Daten in einer sicheren Betriebsumgebung gespeichert, die der \u00d6ffentlichkeit nicht zug\u00e4nglich ist. Sollten Sie mit dem PARKHOTEL DEL MAR per E-Mail in Kontakt treten wollen, weisen wir darauf hin, dass die Vertraulichkeit der \u00fcbermittelten Informationen nicht gew\u00e4hrleistet ist. Der Inhalt von E-Mails kann von Dritten eingesehen werden (s.o. unter E-Mails).<\/p>\n<p><b>\u00a0<\/b><\/p>\n<p><b>Auskunftsrecht<\/b><\/p>\n<p>Auf schriftliche Anfrage werden Sie von uns dar\u00fcber informiert, welche Daten wir \u00fcber Ihre Person (z.B. Name, Adresse) gespeichert haben.<\/p>\n<p>[\/et_pb_text][\/et_pb_column][\/et_pb_row][\/et_pb_section]<\/p>\n","protected":false},"excerpt":{"rendered":"<p>Datenschutz Das PARKHOTEL DEL MAR freut sich \u00fcber Ihren Besuch auf unserer Webseite und Ihr Interesse an unserem Unternehmen und unseren Produkten und Dienstleistungen. Der Schutz Ihrer personenbezogenen Daten bei der Verarbeitung w\u00e4hrend des gesamten Gesch\u00e4ftsprozesses ist f\u00fcr uns ein wichtiges Anliegen und wir m\u00f6chten, dass Sie sich beim Besuch unserer Internetseiten sicher f\u00fchlen. Im [&hellip;]<\/p>\n","protected":false},"author":1,"featured_media":0,"parent":0,"menu_order":0,"comment_status":"closed","ping_status":"closed","template":"","meta":{"_et_pb_use_builder":"on","_et_pb_old_content":"","_et_gb_content_width":"","footnotes":""},"_links":{"self":[{"href":"https:\/\/www.parkhotel-del-mar.de\/index.php?rest_route=\/wp\/v2\/pages\/88"}],"collection":[{"href":"https:\/\/www.parkhotel-del-mar.de\/index.php?rest_route=\/wp\/v2\/pages"}],"about":[{"href":"https:\/\/www.parkhotel-del-mar.de\/index.php?rest_route=\/wp\/v2\/types\/page"}],"author":[{"embeddable":true,"href":"https:\/\/www.parkhotel-del-mar.de\/index.php?rest_route=\/wp\/v2\/users\/1"}],"replies":[{"embeddable":true,"href":"https:\/\/www.parkhotel-del-mar.de\/index.php?rest_route=%2Fwp%2Fv2%2Fcomments&post=88"}],"version-history":[{"count":6,"href":"https:\/\/www.parkhotel-del-mar.de\/index.php?rest_route=\/wp\/v2\/pages\/88\/revisions"}],"predecessor-version":[{"id":1036,"href":"https:\/\/www.parkhotel-del-mar.de\/index.php?rest_route=\/wp\/v2\/pages\/88\/revisions\/1036"}],"wp:attachment":[{"href":"https:\/\/www.parkhotel-del-mar.de\/index.php?rest_route=%2Fwp%2Fv2%2Fmedia&parent=88"}],"curies":[{"name":"wp","href":"https:\/\/api.w.org\/{rel}","templated":true}]}}